{"id":72,"date":"2014-04-10T15:14:49","date_gmt":"2014-04-10T15:14:49","guid":{"rendered":"http:\/\/inpact-psychologyconference.org\/?page_id=72"},"modified":"2017-11-16T11:19:02","modified_gmt":"2017-11-16T11:19:02","slug":"home-2","status":"publish","type":"page","link":"http:\/\/inpact-psychologyconference.org\/2016\/","title":{"rendered":"Home"},"content":{"rendered":"<h1 style=\"text-align: center;\"><strong>Welcome to InPACT 2016 Conference Website!<\/strong><\/h1>\n<table border=\"0\" cellpadding=\"0\">\n<tbody>\n<tr>\n<td style=\"text-align: justify;\" valign=\"top\" width=\"366\"><span style=\"font-size: 13px; line-height: 22.5px;\">Our International Conference seeks to provide a wide connection between researchers, lecturers, students, professionals from psychology and human sciences and their peers. The conference will showcase presentations, from the most diverse countries possible, to promote the development and growth of research, teaching, applications and new ways of thinking in psychology nowadays. We wish to illustrate developments in six main fields:<\/span><span style=\"font-size: 13px; line-height: 22.5px;\"><br \/>\n\u2022 Clinical Psychology<br \/>\n\u2022 Educational Psychology<br \/>\n\u2022 Social Psychology<br \/>\n\u2022 Legal Psychology<br \/>\n\u2022 Cognitive and Experimental Psychology<br \/>\n\u2022 Psychoanalysis and Psychoanalytical Psychotherapy<\/span><\/p>\n<hr \/>\n<p><span style=\"line-height: 22.5px; font-family: 'Open Sans', Arial, Helvetica, sans-serif; font-size: 13px; font-style: normal;\"><span style=\"color: #ff0000;\"><span style=\"color: #000000;\">The Conference Official Language is<\/span><\/span> <span style=\"color: #ff0000; text-decoration: underline;\"><strong>ENGLISH<\/strong><\/span><\/span><\/p>\n<hr \/>\n<p><span style=\"line-height: 22.5px; font-family: 'Open Sans', Arial, Helvetica, sans-serif; font-size: 13px; font-style: normal;\">To download our InPACT 2016 Conference Official Poster <a href=\"http:\/\/inpact-psychologyconference.org\/wp-content\/uploads\/2015\/07\/InPACT2016_poster.pdf\" target=\"_blank\"><span style=\"color: #0066cc;\">click here<\/span><\/a><\/span><\/p>\n<hr \/>\n<p><span style=\"line-height: 22.5px; font-family: 'Open Sans', Arial, Helvetica, sans-serif; font-size: 13px; font-style: normal;\">Click to check our previous: <a href=\"http:\/\/www.inpact-psychologyconference.org\/2012\/\" target=\"_blank\"><span style=\"color: #0066cc;\">InPACT 2012<\/span><\/a>, <a href=\"http:\/\/www.inpact-psychologyconference.org\/2013\/\" target=\"_blank\"><span style=\"color: #0066cc;\">InPACT 2013<\/span><\/a>,\u00a0<a href=\"http:\/\/www.inpact-psychologyconference.org\/2014\/\" target=\"_blank\"><span style=\"color: #0066cc;\">InPACT 2014<\/span><\/a>\u00a0&amp; <a href=\"http:\/\/www.inpact-psychologyconference.org\/2015\/\" target=\"_blank\"><span style=\"color: #0066cc;\">InPACT 2015<\/span><\/a><\/span><\/p>\n<hr \/>\n<p>Click\u00a0<a href=\"https:\/\/www.flickr.com\/photos\/159113734@N04\/albums\" target=\"_blank\" rel=\"noopener\">HERE<\/a>\u00a0to see the photos of the previous editions of InPACT Conference.<\/p>\n<hr \/>\n<p><span style=\"line-height: 22.5px; font-family: 'Open Sans', Arial, Helvetica, sans-serif; font-size: 13px; font-style: normal;\"><strong>Proceedings of InPACT 2012, 2013 and 2014 are already indexed in:<\/strong><br \/>\n<a href=\"http:\/\/www.researchbib.com\/\" target=\"_blank\"><img loading=\"lazy\" decoding=\"async\" data-attachment-id=\"307\" data-permalink=\"http:\/\/inpact-psychologyconference.org\/2016\/home-2\/logo_rb\/#main\" data-orig-file=\"http:\/\/inpact-psychologyconference.org\/2016\/wp-content\/uploads\/2014\/05\/logo_rb.jpg\" data-orig-size=\"86,95\" data-comments-opened=\"0\" data-image-meta=\"{&quot;aperture&quot;:&quot;0&quot;,&quot;credit&quot;:&quot;&quot;,&quot;camera&quot;:&quot;&quot;,&quot;caption&quot;:&quot;&quot;,&quot;created_timestamp&quot;:&quot;0&quot;,&quot;copyright&quot;:&quot;&quot;,&quot;focal_length&quot;:&quot;0&quot;,&quot;iso&quot;:&quot;0&quot;,&quot;shutter_speed&quot;:&quot;0&quot;,&quot;title&quot;:&quot;&quot;}\" data-image-title=\"logo_rb\" data-image-description=\"\" data-image-caption=\"\" data-medium-file=\"http:\/\/inpact-psychologyconference.org\/2016\/wp-content\/uploads\/2014\/05\/logo_rb.jpg\" data-large-file=\"http:\/\/inpact-psychologyconference.org\/2016\/wp-content\/uploads\/2014\/05\/logo_rb.jpg\" class=\"alignnone wp-image-307 size-full\" src=\"http:\/\/inpact-psychologyconference.org\/wp-content\/uploads\/2014\/05\/logo_rb.jpg\" alt=\"logo_rb\" width=\"86\" height=\"95\" \/><\/a><\/span><\/p>\n<hr \/>\n<p style=\"text-align: justify;\"><strong>Sponsored by:\u00a0\u00a0\u00a0\u00a0\u00a0\u00a0\u00a0\u00a0\u00a0\u00a0\u00a0\u00a0\u00a0\u00a0\u00a0\u00a0\u00a0\u00a0\u00a0\u00a0\u00a0\u00a0\u00a0\u00a0\u00a0\u00a0\u00a0\u00a0\u00a0\u00a0\u00a0\u00a0\u00a0\u00a0\u00a0\u00a0\u00a0\u00a0\u00a0\u00a0\u00a0\u00a0\u00a0\u00a0\u00a0\u00a0\u00a0\u00a0\u00a0\u00a0\u00a0\u00a0\u00a0\u00a0\u00a0\u00a0\u00a0\u00a0\u00a0 Media Partner:<\/strong><\/p>\n<p style=\"text-align: justify;\"><a href=\"http:\/\/wiars.org\/\" target=\"_blank\"><img loading=\"lazy\" decoding=\"async\" data-attachment-id=\"86\" data-permalink=\"http:\/\/inpact-psychologyconference.org\/2016\/home-2\/wiars_web_200x189\/#main\" data-orig-file=\"http:\/\/inpact-psychologyconference.org\/2016\/wp-content\/uploads\/2014\/04\/WIARS_web_200x189.jpg\" data-orig-size=\"200,189\" data-comments-opened=\"0\" data-image-meta=\"{&quot;aperture&quot;:&quot;0&quot;,&quot;credit&quot;:&quot;&quot;,&quot;camera&quot;:&quot;&quot;,&quot;caption&quot;:&quot;&quot;,&quot;created_timestamp&quot;:&quot;0&quot;,&quot;copyright&quot;:&quot;&quot;,&quot;focal_length&quot;:&quot;0&quot;,&quot;iso&quot;:&quot;0&quot;,&quot;shutter_speed&quot;:&quot;0&quot;,&quot;title&quot;:&quot;&quot;}\" data-image-title=\"WIARS_web_200x189\" data-image-description=\"\" data-image-caption=\"\" data-medium-file=\"http:\/\/inpact-psychologyconference.org\/2016\/wp-content\/uploads\/2014\/04\/WIARS_web_200x189.jpg\" data-large-file=\"http:\/\/inpact-psychologyconference.org\/2016\/wp-content\/uploads\/2014\/04\/WIARS_web_200x189.jpg\" class=\"alignleft wp-image-86 size-thumbnail\" src=\"http:\/\/inpact-psychologyconference.org\/wp-content\/uploads\/2014\/04\/WIARS_web_200x189-150x150.jpg\" alt=\"WIARS_web_200x189\" width=\"150\" height=\"150\" \/><\/a>\u00a0\u00a0\u00a0\u00a0\u00a0\u00a0\u00a0\u00a0\u00a0\u00a0\u00a0\u00a0\u00a0\u00a0\u00a0\u00a0\u00a0\u00a0\u00a0\u00a0\u00a0\u00a0\u00a0\u00a0\u00a0\u00a0\u00a0\u00a0\u00a0\u00a0\u00a0\u00a0\u00a0\u00a0\u00a0\u00a0\u00a0\u00a0 <a href=\"http:\/\/whova.com\/portal\/ipaca_201604\" target=\"_blank\"><img loading=\"lazy\" decoding=\"async\" data-attachment-id=\"1348\" data-permalink=\"http:\/\/inpact-psychologyconference.org\/2016\/home-2\/whova-logo\/#main\" data-orig-file=\"http:\/\/inpact-psychologyconference.org\/2016\/wp-content\/uploads\/2014\/04\/Whova-Logo.png\" data-orig-size=\"480,480\" data-comments-opened=\"0\" data-image-meta=\"{&quot;aperture&quot;:&quot;0&quot;,&quot;credit&quot;:&quot;&quot;,&quot;camera&quot;:&quot;&quot;,&quot;caption&quot;:&quot;&quot;,&quot;created_timestamp&quot;:&quot;0&quot;,&quot;copyright&quot;:&quot;&quot;,&quot;focal_length&quot;:&quot;0&quot;,&quot;iso&quot;:&quot;0&quot;,&quot;shutter_speed&quot;:&quot;0&quot;,&quot;title&quot;:&quot;&quot;,&quot;orientation&quot;:&quot;0&quot;}\" data-image-title=\"Whova Logo\" data-image-description=\"\" data-image-caption=\"\" data-medium-file=\"http:\/\/inpact-psychologyconference.org\/2016\/wp-content\/uploads\/2014\/04\/Whova-Logo-300x300.png\" data-large-file=\"http:\/\/inpact-psychologyconference.org\/2016\/wp-content\/uploads\/2014\/04\/Whova-Logo.png\" class=\"alignnone wp-image-1348 size-thumbnail\" src=\"http:\/\/inpact-psychologyconference.org\/wp-content\/uploads\/2014\/04\/Whova-Logo-150x150.png\" alt=\"Whova Logo\" width=\"150\" height=\"150\" srcset=\"http:\/\/inpact-psychologyconference.org\/2016\/wp-content\/uploads\/2014\/04\/Whova-Logo-150x150.png 150w, http:\/\/inpact-psychologyconference.org\/2016\/wp-content\/uploads\/2014\/04\/Whova-Logo-300x300.png 300w, http:\/\/inpact-psychologyconference.org\/2016\/wp-content\/uploads\/2014\/04\/Whova-Logo.png 480w\" sizes=\"auto, (max-width: 150px) 100vw, 150px\" \/><\/a><\/p>\n<\/td>\n<td rowspan=\"6\" valign=\"top\" width=\"200\">\n<h3><strong><span style=\"color: #ff6600;\">NEWS:<\/span><\/strong><\/h3>\n<h5 style=\"text-align: left;\"><strong><span style=\"color: #000000;\"><span style=\"text-decoration: underline;\">KEYNOTE SPEAKER\u00a0Presentation<\/span> available <a href=\"http:\/\/inpact-psychologyconference.org\/keynote-speaker\/\" target=\"_blank\">here<\/a><\/span><\/strong><\/h5>\n<p><strong><a href=\"http:\/\/inpact-psychologyconference.org\/keynote-speaker\/\" target=\"_blank\"><span style=\"color: #0066cc;\">Prof. Dr. Richard Bentall<\/span><\/a><\/strong>,<br \/>\nInstitute of Psychology, Health &amp; Society,<br \/>\nUniversity of Liverpool, United Kingdom<\/p>\n<hr \/>\n<h5><strong>The conference photos are available on <a href=\"https:\/\/www.flickr.com\/photos\/159113734@N04\/albums\" target=\"_blank\">Flickr<\/a><\/strong><\/h5>\n<hr \/>\n<h5><strong>The <span style=\"text-decoration: underline;\">Virtual Presentations section<\/span> is available in <a href=\"http:\/\/inpact-psychologyconference.org\/virtual-presentations\/\" target=\"_blank\"><span style=\"color: #0066cc;\">here<\/span><\/a><\/strong><\/h5>\n<hr \/>\n<h5><strong>The <span style=\"text-decoration: underline;\">Final Conference Program<\/span> is available <a href=\"http:\/\/inpact-psychologyconference.org\/conference-program\/\">here<\/a>.<\/strong><\/h5>\n<hr \/>\n<p><span style=\"text-decoration: underline;\"><span style=\"color: #ff9900; text-decoration: underline;\">SPECIAL TALKS:<\/span><\/span><\/p>\n<p><em><a href=\"http:\/\/inpact-psychologyconference.org\/special-talks\/special-talk-1\/\">\u201cAbout trauma. A psychoanalytical perspective\u201d<\/a><\/em>\u00a0 by <strong>Emeritus Professor Carlos Amaral Dias<\/strong>, University of Coimbra, Director of Instituto Superior Miguel Torga and Vice-President of the Portuguese Association of Psychoanalysis and Psychoanalytic Psychotherapy, Portugal and\u00a0 <strong>Prof. Clara Pracana<\/strong>, Full and Training member of the Portuguese Association of Psychoanalysis and Psychoanalytic Psychotherapy, Portugal<\/p>\n<p style=\"text-align: center;\">***<\/p>\n<p><em><a href=\"http:\/\/inpact-psychologyconference.org\/special-talks\/special-talk-2\/\" target=\"_blank\"><span style=\"color: #0066cc;\">\u201c50 Years of Professional Clinical Psychology in the United Kingdom<\/span>&#8220;<\/a><\/em>\u00a0 by<strong> Prof.\u00a0Michael Wang<\/strong>, Emeritus Professor of Clinical Psychology, University of Leicester, United Kingdom<\/p>\n<p style=\"text-align: center;\">***<\/p>\n<p style=\"text-align: left;\"><a href=\"http:\/\/inpact-psychologyconference.org\/special-talks\/special-talk-3\/\"><em><u>&#8220;The disillusioned hollow and the untying of oneself&#8221;<\/u><\/em><\/a> by<strong>\u00a0Dr.\u00aa\u00a0Concei\u00e7\u00e3o Almeida<\/strong>,<br \/>\nPsychologist, Full Psychoanalyst,\u00a0Founder of the Portuguese Association of Psychoanalysis and Psychoanalytical Psychotherapy (AP),\u00a0where she works as teacher, trainer and supervisor.\u00a0Vice-President of the Board. Member of the Teaching Committee, Portugal<\/p>\n<hr \/>\n<p><a href=\"http:\/\/inpact-psychologyconference.org\/invited-talk\/\"><span style=\"color: #ff9900; text-decoration: underline;\">INVITED TALK:<\/span><\/a><\/p>\n<p><a href=\"http:\/\/inpact-psychologyconference.org\/invited-talk\/\"><em>\u201cNeuropsychoanalysis, what is it good for? How Neuropsychoanalysis can follow Evidence-Based Practice targets\u201d<\/em>\u00a0<\/a> by<br \/>\n<strong>Dr. Ana Vasconcelos<\/strong>,\u00a0\u00a0psychiatrist in SAMS \u2013 Servi\u00e7os de Assist\u00eancia M\u00e9dico-Social do Sindicato dos Banc\u00e1rios de Sul e Ilhas, founding member of the Portuguese Association of Psychoanalysis and Psychoanalytic Psychotherapy, and member of NPA (Neuropshycanalysis Association), Portugal<\/td>\n<\/tr>\n<\/tbody>\n<\/table>\n<p>&nbsp;<\/p>\n","protected":false},"excerpt":{"rendered":"<p>Welcome to InPACT 2016 Conference Website! Our International Conference seeks to provide a wide connection between researchers, lecturers, students, professionals from psychology and human sciences and their peers. The conference will showcase presentations, from the most diverse countries possible, to promote the development and growth of research, teaching, applications and new ways of thinking in [&hellip;]<\/p>\n","protected":false},"author":1,"featured_media":0,"parent":0,"menu_order":0,"comment_status":"closed","ping_status":"closed","template":"","meta":{"footnotes":""},"class_list":["post-72","page","type-page","status-publish","hentry"],"jetpack_sharing_enabled":false,"jetpack_shortlink":"https:\/\/wp.me\/P4wzfb-1a","jetpack_likes_enabled":true,"_links":{"self":[{"href":"http:\/\/inpact-psychologyconference.org\/2016\/wp-json\/wp\/v2\/pages\/72","targetHints":{"allow":["GET"]}}],"collection":[{"href":"http:\/\/inpact-psychologyconference.org\/2016\/wp-json\/wp\/v2\/pages"}],"about":[{"href":"http:\/\/inpact-psychologyconference.org\/2016\/wp-json\/wp\/v2\/types\/page"}],"author":[{"embeddable":true,"href":"http:\/\/inpact-psychologyconference.org\/2016\/wp-json\/wp\/v2\/users\/1"}],"replies":[{"embeddable":true,"href":"http:\/\/inpact-psychologyconference.org\/2016\/wp-json\/wp\/v2\/comments?post=72"}],"version-history":[{"count":229,"href":"http:\/\/inpact-psychologyconference.org\/2016\/wp-json\/wp\/v2\/pages\/72\/revisions"}],"predecessor-version":[{"id":1487,"href":"http:\/\/inpact-psychologyconference.org\/2016\/wp-json\/wp\/v2\/pages\/72\/revisions\/1487"}],"wp:attachment":[{"href":"http:\/\/inpact-psychologyconference.org\/2016\/wp-json\/wp\/v2\/media?parent=72"}],"curies":[{"name":"wp","href":"https:\/\/api.w.org\/{rel}","templated":true}]}}