{"id":1281,"date":"2016-01-15T12:47:04","date_gmt":"2016-01-15T12:47:04","guid":{"rendered":"http:\/\/inpact-psychologyconference.org\/?page_id=1281"},"modified":"2019-12-02T14:27:08","modified_gmt":"2019-12-02T14:27:08","slug":"special-talk-matthias-ammann","status":"publish","type":"page","link":"http:\/\/inpact-psychologyconference.org\/2020\/special-talk-matthias-ammann\/","title":{"rendered":"Special Talk"},"content":{"rendered":"<p><img data-recalc-dims=\"1\" loading=\"lazy\" decoding=\"async\" data-attachment-id=\"3696\" data-permalink=\"http:\/\/inpact-psychologyconference.org\/2020\/special-talk-matthias-ammann\/matthias-ammann_special-talk\/#main\" data-orig-file=\"https:\/\/i0.wp.com\/inpact-psychologyconference.org\/2020\/wp-content\/uploads\/2019\/12\/Matthias-Ammann_special-talk.jpg?fit=556%2C556\" data-orig-size=\"556,556\" data-comments-opened=\"0\" data-image-meta=\"{&quot;aperture&quot;:&quot;0&quot;,&quot;credit&quot;:&quot;&quot;,&quot;camera&quot;:&quot;&quot;,&quot;caption&quot;:&quot;&quot;,&quot;created_timestamp&quot;:&quot;0&quot;,&quot;copyright&quot;:&quot;&quot;,&quot;focal_length&quot;:&quot;0&quot;,&quot;iso&quot;:&quot;0&quot;,&quot;shutter_speed&quot;:&quot;0&quot;,&quot;title&quot;:&quot;&quot;,&quot;orientation&quot;:&quot;0&quot;}\" data-image-title=\"\" data-image-description=\"\" data-image-caption=\"\" data-medium-file=\"https:\/\/i0.wp.com\/inpact-psychologyconference.org\/2020\/wp-content\/uploads\/2019\/12\/Matthias-Ammann_special-talk.jpg?fit=300%2C300\" data-large-file=\"https:\/\/i0.wp.com\/inpact-psychologyconference.org\/2020\/wp-content\/uploads\/2019\/12\/Matthias-Ammann_special-talk.jpg?fit=556%2C556\" class=\"alignright wp-image-3696\" src=\"https:\/\/i0.wp.com\/inpact-psychologyconference.org\/wp-content\/uploads\/2019\/12\/Matthias-Ammann_special-talk.jpg?resize=200%2C200\" alt=\"\" width=\"200\" height=\"200\" srcset=\"https:\/\/i0.wp.com\/inpact-psychologyconference.org\/2020\/wp-content\/uploads\/2019\/12\/Matthias-Ammann_special-talk.jpg?w=556 556w, https:\/\/i0.wp.com\/inpact-psychologyconference.org\/2020\/wp-content\/uploads\/2019\/12\/Matthias-Ammann_special-talk.jpg?resize=300%2C300 300w, https:\/\/i0.wp.com\/inpact-psychologyconference.org\/2020\/wp-content\/uploads\/2019\/12\/Matthias-Ammann_special-talk.jpg?resize=150%2C150 150w\" sizes=\"auto, (max-width: 200px) 100vw, 200px\" \/><\/p>\n<p style=\"text-align: left;\"><strong>&#8220;HOW PSYCHOANALYSIS CAN HELP US TO BEAR THE THOUGHT OF CLIMATE CHANGE?&#8221;<\/strong><\/p>\n<p>&nbsp;<\/p>\n<p>&nbsp;<\/p>\n<p style=\"text-align: justify;\">by <strong>Prof. Dr. Matthias Ammann<\/strong>, PhD,<br \/>\nPsychotherapist and psychoanalyst at Equilibrium Oporto, and Climate activist, Portugal<\/p>\n<p>&nbsp;<\/p>\n<p>&nbsp;<\/p>\n<p style=\"text-align: left;\"><span style=\"text-decoration: underline;\"><strong>Abstract<\/strong>:<\/span><\/p>\n<p style=\"text-align: justify;\">A growing number of people are realizing that climate change might be a real threat to the present and future generations. Despite protests of some people and parts of us which do not want to see it, a bigger amount of scientific evidence shows us day after day that our way of life might endanger existence on the planet in a scale never seen before. Dealing properly with this is not easy, because the individual psyche cannot bear the pain of these thoughts using different strategies to repress, deny or even evade completely from this reality. Psychoanalysis have much to say about it. The present paper suggests a relational approach to deal with the emotions brought up by the growing number of information about this subject. Once we realize and accept the scientific evidence and regain part of our social and relational strength, we still might have a chance to make real change and promote life.<\/p>\n<p><strong>Keywords:<\/strong> anxiety, depression, fear, climate change, dark optimism.<\/p>\n<p>&nbsp;<\/p>\n<p><strong><span style=\"text-decoration: underline;\">Short Biography:<\/span><\/strong><\/p>\n<p style=\"text-align: justify;\">Prof. Dr. Matthias Ammann has a Bachelor in Economics at UNICAMP (2007), was a Researcher at Instituto Nacional de Estudos e Pesquisas Educacionais An\u00edsio Teixeira (2008-2013), has a Master in Education at UnB (2011), and a Psychoanalysis specialization at Escola Paulista de Psican\u00e1lise (2016), he also has a PhD in Cultural Studies at University of Minho (2017), and has been a Researcher at the University of Minho (2019). He received Psychoanalysis training at Associa\u00e7\u00e3o Portuguesa de Psican\u00e1lise e Psicoterapia psicanal\u00edtica (2019), and he is also a Climate activist.<\/p>\n","protected":false},"excerpt":{"rendered":"<p>&#8220;HOW PSYCHOANALYSIS CAN HELP US TO BEAR THE THOUGHT OF CLIMATE CHANGE?&#8221; &nbsp; &nbsp; by Prof. Dr. Matthias Ammann, PhD, Psychotherapist and psychoanalyst at Equilibrium Oporto, and Climate activist, Portugal &nbsp; &nbsp; Abstract: A growing number of people are realizing that climate change might be a real threat to the present and future generations. Despite [&hellip;]<\/p>\n","protected":false},"author":1,"featured_media":0,"parent":0,"menu_order":0,"comment_status":"closed","ping_status":"closed","template":"","meta":{"jetpack_post_was_ever_published":false,"footnotes":""},"class_list":["post-1281","page","type-page","status-publish","hentry"],"jetpack_sharing_enabled":true,"jetpack_shortlink":"https:\/\/wp.me\/P4wzfb-kF","jetpack_likes_enabled":true,"jetpack-related-posts":[],"_links":{"self":[{"href":"http:\/\/inpact-psychologyconference.org\/2020\/wp-json\/wp\/v2\/pages\/1281","targetHints":{"allow":["GET"]}}],"collection":[{"href":"http:\/\/inpact-psychologyconference.org\/2020\/wp-json\/wp\/v2\/pages"}],"about":[{"href":"http:\/\/inpact-psychologyconference.org\/2020\/wp-json\/wp\/v2\/types\/page"}],"author":[{"embeddable":true,"href":"http:\/\/inpact-psychologyconference.org\/2020\/wp-json\/wp\/v2\/users\/1"}],"replies":[{"embeddable":true,"href":"http:\/\/inpact-psychologyconference.org\/2020\/wp-json\/wp\/v2\/comments?post=1281"}],"version-history":[{"count":38,"href":"http:\/\/inpact-psychologyconference.org\/2020\/wp-json\/wp\/v2\/pages\/1281\/revisions"}],"predecessor-version":[{"id":3707,"href":"http:\/\/inpact-psychologyconference.org\/2020\/wp-json\/wp\/v2\/pages\/1281\/revisions\/3707"}],"wp:attachment":[{"href":"http:\/\/inpact-psychologyconference.org\/2020\/wp-json\/wp\/v2\/media?parent=1281"}],"curies":[{"name":"wp","href":"https:\/\/api.w.org\/{rel}","templated":true}]}}