{"id":24,"date":"2014-04-09T17:07:20","date_gmt":"2014-04-09T17:07:20","guid":{"rendered":"http:\/\/inpact-psychologyconference.org\/?page_id=24"},"modified":"2022-04-06T12:37:52","modified_gmt":"2022-04-06T12:37:52","slug":"scientific-committee","status":"publish","type":"page","link":"https:\/\/inpact-psychologyconference.org\/2022\/scientific-committee\/","title":{"rendered":"Scientific Committee"},"content":{"rendered":"<p style=\"text-align: justify;\"><span style=\"color: #ff6600;\"><strong>Conference and Program Co-Chairs<\/strong><\/span><\/p>\n<p style=\"text-align: justify;\">Clara Pracana<br \/>\nFull and Training member of the Portuguese Association of Psychoanalysis and Psychoanalytic Psychotherapy, Portugal<\/p>\n<p style=\"text-align: justify;\">Michael Wang<br \/>\nEmeritus Professor of Clinical Psychology, University of Leicester, United Kingdom<\/p>\n<p>&nbsp;<\/p>\n<p style=\"text-align: justify;\"><span style=\"color: #ff6600;\"><strong>International Scientific Committee<\/strong><\/span><\/p>\n<p>Abdulqawi Salim&nbsp;Alzubaidi,&nbsp;Sanaa University,&nbsp;Yemen<br \/>\nAdilia&nbsp;Silva,&nbsp;Independent Researcher\/Clinician,&nbsp;South Africa<br \/>\nAdriana&nbsp;Baban,&nbsp;Babes-Bolyai University,&nbsp;Romania<br \/>\nAleksandra Hui\u0107,&nbsp;University of Zagreb,&nbsp;Croatia<br \/>\nAlexandra&nbsp;Maftei,&nbsp;Alexandru Ioan Cuza University of Ia\u015fi,&nbsp;Romania<br \/>\nAli Kemal&nbsp;Tekin,&nbsp;Sultan Qaboos University,&nbsp;Oman<br \/>\nAna Paula Couceiro&nbsp;Figueira,&nbsp;University of Coimbra,&nbsp;Portugal<br \/>\nAneta Pasternak, Warsaw Management University, Poland<br \/>\nAnna&nbsp;Alexandrova-Karamanova,&nbsp;Institute for Population and Human Studies &#8211; BAS,&nbsp;Bulgaria<br \/>\nAnna&nbsp;Janovsk\u00e1,&nbsp;Pavol Jozef \u0160af\u00e1rik University in Ko\u0161ice,&nbsp;Slovakia<br \/>\nAnne-Marie&nbsp;\u00c9mond,&nbsp;Universit\u00e9 de Montr\u00e9al,&nbsp;Canada<br \/>\nArt&nbsp;Blume,&nbsp;Washington State University,&nbsp;USA<br \/>\nAtmane Ikhlef,&nbsp;Independent Consultant\/ Researcher,&nbsp;Algeria<br \/>\nAudrey Moco-Daijardin,&nbsp;University of Nice Cote d&#8217;Azur,&nbsp;France<br \/>\nAuks\u0117 Endriulaitien\u0117,&nbsp;Vytautas Magnus University,&nbsp;Lithuania<br \/>\nAurora Adina&nbsp;Colomeischi,&nbsp;Stefan cel Mare University,&nbsp;Romania<br \/>\nAvo-Rein&nbsp;Tereping,&nbsp;Tallinn University,&nbsp;Estonia<br \/>\nBeata Gajdo\u0161ov\u00e1,&nbsp;Pavol Jozef \u0160af\u00e1rik University in Ko\u0161ice,&nbsp;Slovakia<br \/>\nBeatriz&nbsp;Delgado Domenech,&nbsp;University of Alicante,&nbsp;Spain<br \/>\nBernard&nbsp;Gangloff,&nbsp;University of Rouen,&nbsp;France<br \/>\nBogus\u0142awa Lachowska,&nbsp;The John Paul II Catholic University of Lublin,&nbsp;Poland<br \/>\nCharles David&nbsp;Tauber,&nbsp;Coalition for Work with Psychotrauma and Peace (CWWPP),&nbsp;Croatia<br \/>\nChris&nbsp;McVittie,&nbsp;Queen Margaret University,&nbsp;United Kingdom<br \/>\nColette&nbsp;Dufresne-Tass\u00e9,&nbsp;Universit\u00e9 de Montr\u00e9al,&nbsp;Canada<br \/>\nDan&nbsp;Stanescu,&nbsp;National University of Political Studies and Public Administration,&nbsp;Romania<br \/>\nDanijela S. Petrovi\u0107,&nbsp;University of Belgrade,&nbsp;Serbia<br \/>\nDora Dodig Hundri\u0107,&nbsp;University of Zagreb,&nbsp;Croatia<br \/>\nEderaldo J.&nbsp;Lopes,&nbsp;Federal University of Uberl\u00e2ndia,&nbsp;Brazil<br \/>\nEl\u00e7in Sakmar,&nbsp;Yale University,&nbsp;USA<br \/>\nElena&nbsp;Levchenko,&nbsp;Perm State University,&nbsp;Russia<br \/>\nElena&nbsp;Lis\u00e1,&nbsp;Comenius University in Bratislava,&nbsp;Slovakia<br \/>\nElena&nbsp;Lyakso,&nbsp;Saint-Petersburg State University,&nbsp;Russia<br \/>\nEleni Petkari, Universidad Internacional de la Rioja, Spain<br \/>\nElenita M.&nbsp;Tiamzon,&nbsp;World Citi Colleges,&nbsp;Philippines<br \/>\nEmel Kuruo\u011flu,&nbsp;Dokuz Eylul University,&nbsp;Turkey<br \/>\nEmerson&nbsp;Rasera,&nbsp;Federal University of Uberl\u00e2ndia,&nbsp;Brazil<br \/>\nFotios&nbsp;Anagnostopoulos,&nbsp;Panteion University of Social &amp; Political Sciences,&nbsp;Greece<br \/>\nGabija Jara\u0161i\u016bnait\u0117-Fedosejeva,&nbsp;Vytautas Magnus University,&nbsp;Lithuania<br \/>\nGandharva&nbsp;Joshi,&nbsp;Saurashtra University,&nbsp;India<br \/>\nGordana \u0110igi\u0107,&nbsp;University of Ni\u0161,&nbsp;Serbia<br \/>\nGuillaume&nbsp;Souesme,&nbsp;University of Tours,&nbsp;France<br \/>\nIsabella&nbsp;Corradini,&nbsp;Themis Research Centre,&nbsp;Italy<br \/>\nJakob&nbsp;Pietschnig,&nbsp;University of Vienna,&nbsp;Austria<br \/>\nJana&nbsp;Schr\u00f6tter,&nbsp;Pavol Jozef \u0160af\u00e1rik University in Ko\u0161ice,&nbsp;Slovakia<br \/>\nJelena Opsenica Kosti\u0107,&nbsp;University of Ni\u0161,&nbsp;Serbia<br \/>\nJelisaveta Todorovi\u0107,&nbsp;University of Ni\u0161,&nbsp;Serbia<br \/>\nJimmy&nbsp;Bordarie,&nbsp;University of Tours,&nbsp;France<br \/>\nKamlesh&nbsp;Singh,&nbsp;Indian Institute of Technology Delhi,&nbsp;India<br \/>\nKatherine&nbsp;Makarec,&nbsp;William Paterson University,&nbsp;USA<br \/>\nKonstantinos&nbsp;Kafetsios,&nbsp;Palack\u00fd University in Olomouc,&nbsp;Czech Republic<br \/>\nKristi&nbsp;K\u00f5iv,&nbsp;University of Tartu,&nbsp;Estonia<br \/>\nKristina&nbsp;Ran\u0111elovi\u0107,&nbsp;University of Ni\u0161,&nbsp;Serbia<br \/>\nKyle A.&nbsp;Msall,&nbsp;Zayed University,&nbsp;United Arab Emirates<br \/>\nLada&nbsp;Kalisk\u00e1,&nbsp;Matej Bel University,&nbsp;Slovakia<br \/>\nLaura&nbsp;Furcsa,&nbsp;Eszterh\u00e1zy K\u00e1roly University,&nbsp;Hungary<br \/>\nLiliana&nbsp;Mata,&nbsp;\u201dVasile Alecsandri&#8221; University of Bacau,&nbsp;Romania<br \/>\nLilly&nbsp;Both,&nbsp;University of New Brunswick in Saint John,&nbsp;Canada<br \/>\nLisa&nbsp;Best,&nbsp;University of New Brunswick,&nbsp;Canada<br \/>\nLoreta&nbsp;Buk\u0161nyt\u0117-Marmien\u0117,&nbsp;Vytautas Magnus University,&nbsp;Lithuania<br \/>\nMagdalena Poraj-Weder, The Maria Grzegorzewska University, Poland<br \/>\nMandy&nbsp;Rossignol,&nbsp;University of Mons,&nbsp;Belgium<br \/>\nMarcelo F.&nbsp;Costa,&nbsp;University of S\u00e3o Paulo,&nbsp;Brazil<br \/>\nMarcia&nbsp;Moura Schmidt,&nbsp;Institute of Cardiology \/ University Foundation of Cardiology (IC\/FUC),&nbsp;Brazil<br \/>\nMarco&nbsp;Vassallo,&nbsp;Council for Agricultural Research and Economics (CREA),&nbsp;Italy<br \/>\nMargit&nbsp;H\u00f6fler,&nbsp;Danube University Krems,&nbsp;Austria<br \/>\nMaria&nbsp;Iakovleva,&nbsp;Saint Petersburg State University,&nbsp;Russia<br \/>\nMarija Peji\u010di\u0107,&nbsp;University of Ni\u0161,&nbsp;Serbia<br \/>\nMarina&nbsp;Bardyshevskaya,&nbsp;Lomonosov Moscow State University,&nbsp;Russia<br \/>\nMeba Alphonse&nbsp;Kanda,&nbsp;West Rand Health District \/ University of South Africa,&nbsp;South Africa<br \/>\nM\u00e9lany&nbsp;Payoux,&nbsp;University of Nantes,&nbsp;France<br \/>\nMeral&nbsp;At\u0131c\u0131,&nbsp;\u00c7ukurova University,&nbsp;Turkey<br \/>\nMeyran Boniel-Nissim,&nbsp;Kinneret Academic College,&nbsp;Israel<br \/>\nMichael&nbsp;Lindsey,&nbsp;Southern Methodist University \/ Nestor Consultants, Inc.,&nbsp;USA<br \/>\nMichael&nbsp;Zeiler,&nbsp;Medical University of Vienna,&nbsp;Austria<br \/>\nMiroslava Bozog\u00e1\u0148ov\u00e1,&nbsp;Centre of Social and Psychological Sciences, Slovak Academy of Sciences,&nbsp;Slovakia<br \/>\nMiroslava&nbsp;K\u00f6verov\u00e1,&nbsp;Pavol Jozef \u0160af\u00e1rik University in Ko\u0161ice,&nbsp;Slovakia<br \/>\nNadia&nbsp;Mateeva,&nbsp;Bulgarian Academy of Sciences,&nbsp;Bulgaria<br \/>\nNahal&nbsp;Salimi,&nbsp;Northern Illinois University,&nbsp;USA<br \/>\nNeala&nbsp;Ambrosi-Randi\u0107,&nbsp;Juraj Dobrila University of Pula,&nbsp;Croatia<br \/>\nNeven Ricija\u0161,&nbsp;University of Zagreb,&nbsp;Croatia<br \/>\nNuria&nbsp;Carriedo,&nbsp;UNED &#8211; Universidad Nacional de Educaci\u00f3n a Distancia,&nbsp;Spain<br \/>\nOana D\u0103nil\u0103,&nbsp;Alexandru Ioan Cuza University, Iasi,&nbsp;Romania<br \/>\nOlesya&nbsp;Volkova,&nbsp;Krasnoyarsk State Medical University,&nbsp;Russia<br \/>\nOlga&nbsp;Deyneka,&nbsp;St. Petersburg State University,&nbsp;Russia<br \/>\nOlga&nbsp;Orosov\u00e1,&nbsp;Pavol Jozef \u0160af\u00e1rik University in Ko\u0161ice,&nbsp;Slovakia<br \/>\nOtilia Clipa, &#8220;Stefan cel Mare&#8221; University, Romania<br \/>\nPaolo&nbsp;Valerio,&nbsp;Naples University Federico II,&nbsp;Italy<br \/>\nPatrizia&nbsp;Meringolo,&nbsp;Universit\u00e0 degli Studi di Firenzi,&nbsp;Italy<br \/>\nRegina&nbsp;Fern\u00e1ndez Morales,&nbsp;Universidad Rafael Landivar,&nbsp;Guatemala<br \/>\nRemo&nbsp;Job,&nbsp;University of Trento,&nbsp;Italy<br \/>\nRoxana-Maria&nbsp;Ghia\u021b\u0103u,&nbsp;Alexandru Ioan Cuza University, Iasi,&nbsp;Romania<br \/>\nSamir&nbsp;Parikh,&nbsp;Fortis Healthcare,&nbsp;India<br \/>\nSema&nbsp;Karakelle,&nbsp;Istanbul University,&nbsp;Turkey<br \/>\nSharo (Shahrokh)&nbsp;Shafaie,&nbsp;Southeast Missouri State University,&nbsp;USA<br \/>\nShulamith&nbsp;Kreitler,&nbsp;Tel-Aviv University,&nbsp;Israel<br \/>\nSne\u017eana Stojiljkovi\u0107, University of Ni\u0161, Serbia<br \/>\nSonya&nbsp;Yakimova,&nbsp;APSH34\/ University of Tours\/ Aix-Marseille University,&nbsp;France<br \/>\nSuppiah&nbsp;Nachiappan,&nbsp;Sultan Idris Education University,&nbsp;Malaysia<br \/>\nSuzie&nbsp;Savvidou,&nbsp;The University of Sheffield International Faculty, CITY College,&nbsp;Greece<br \/>\nTajana&nbsp;Ljubin Golub,&nbsp;University of Zagreb,&nbsp;Croatia<br \/>\nTali&nbsp;Heiman,&nbsp;The Open University of Israel,&nbsp;Israel<br \/>\nTatiana&nbsp;Martsinkovskaya,&nbsp;Russian State University, Russia<br \/>\nTr\u1ea7n Thu H\u01b0\u01a1ng,&nbsp;Vietnam National University,&nbsp;Vietnam<br \/>\nVictor&nbsp;Martinelli,&nbsp;University of Malta,&nbsp;Malta<br \/>\nVildan&nbsp;Mevsim,&nbsp;Dokuz Eylul University,&nbsp;Turkey<br \/>\nVittore&nbsp;Perruci,&nbsp;Universit\u00e0 della Valle d&#8217;Aosta,&nbsp;Italy<br \/>\nWerner&nbsp;Leitner,&nbsp;IB Hochschule,&nbsp;Germany<br \/>\nYonghui&nbsp;Wang,&nbsp;Shaanxi Normal University, China<br \/>\nYousef Abdelqader Abu&nbsp;Shindi,&nbsp;Sultan Qaboos University,&nbsp;Oman<\/p>\n","protected":false},"excerpt":{"rendered":"<p>Conference and Program Co-Chairs Clara Pracana Full and Training member of the Portuguese Association of Psychoanalysis and Psychoanalytic Psychotherapy, Portugal Michael Wang Emeritus Professor of Clinical Psychology, University of Leicester, United Kingdom &nbsp; International Scientific Committee Abdulqawi Salim&nbsp;Alzubaidi,&nbsp;Sanaa University,&nbsp;Yemen Adilia&nbsp;Silva,&nbsp;Independent Researcher\/Clinician,&nbsp;South Africa Adriana&nbsp;Baban,&nbsp;Babes-Bolyai University,&nbsp;Romania Aleksandra Hui\u0107,&nbsp;University of Zagreb,&nbsp;Croatia Alexandra&nbsp;Maftei,&nbsp;Alexandru Ioan Cuza University of Ia\u015fi,&nbsp;Romania Ali [&hellip;]<\/p>\n","protected":false},"author":1,"featured_media":0,"parent":0,"menu_order":0,"comment_status":"closed","ping_status":"open","template":"","meta":{"jetpack_post_was_ever_published":false,"footnotes":""},"class_list":["post-24","page","type-page","status-publish","hentry"],"jetpack_sharing_enabled":true,"jetpack_shortlink":"https:\/\/wp.me\/PedbW9-o","jetpack_likes_enabled":true,"jetpack-related-posts":[],"_links":{"self":[{"href":"https:\/\/inpact-psychologyconference.org\/2022\/wp-json\/wp\/v2\/pages\/24","targetHints":{"allow":["GET"]}}],"collection":[{"href":"https:\/\/inpact-psychologyconference.org\/2022\/wp-json\/wp\/v2\/pages"}],"about":[{"href":"https:\/\/inpact-psychologyconference.org\/2022\/wp-json\/wp\/v2\/types\/page"}],"author":[{"embeddable":true,"href":"https:\/\/inpact-psychologyconference.org\/2022\/wp-json\/wp\/v2\/users\/1"}],"replies":[{"embeddable":true,"href":"https:\/\/inpact-psychologyconference.org\/2022\/wp-json\/wp\/v2\/comments?post=24"}],"version-history":[{"count":245,"href":"https:\/\/inpact-psychologyconference.org\/2022\/wp-json\/wp\/v2\/pages\/24\/revisions"}],"predecessor-version":[{"id":8057,"href":"https:\/\/inpact-psychologyconference.org\/2022\/wp-json\/wp\/v2\/pages\/24\/revisions\/8057"}],"wp:attachment":[{"href":"https:\/\/inpact-psychologyconference.org\/2022\/wp-json\/wp\/v2\/media?parent=24"}],"curies":[{"name":"wp","href":"https:\/\/api.w.org\/{rel}","templated":true}]}}